{"id":329,"date":"2026-02-23T08:59:19","date_gmt":"2026-02-23T07:59:19","guid":{"rendered":"https:\/\/orchester-kurzweil.de\/?post_type=tribe_events&#038;p=329"},"modified":"2026-02-23T11:53:22","modified_gmt":"2026-02-23T10:53:22","slug":"20-jahre-orchester-kurzweil-jubilaeums-open-air-auf-der-bromberg-alm","status":"publish","type":"tribe_events","link":"https:\/\/orchester-kurzweil.de\/?tribe_events=20-jahre-orchester-kurzweil-jubilaeums-open-air-auf-der-bromberg-alm","title":{"rendered":"20 Jahre Orchester Kurzweil!!! Jubil\u00e4ums-Open Air auf der Bromberg Alm bei B\u00f6bing!!!"},"content":{"rendered":"<p>Genauere Angaben folgen in K\u00fcrze!!<\/p>\n","protected":false},"excerpt":{"rendered":"<p>Genauere Angaben folgen in K\u00fcrze!!<\/p>\n","protected":false},"author":2,"featured_media":0,"comment_status":"open","ping_status":"closed","template":"","meta":{"_tribe_events_status":"","_tribe_events_status_reason":"","footnotes":""},"tags":[],"tribe_events_cat":[],"_links":{"self":[{"href":"https:\/\/orchester-kurzweil.de\/index.php?rest_route=\/wp\/v2\/tribe_events\/329"}],"collection":[{"href":"https:\/\/orchester-kurzweil.de\/index.php?rest_route=\/wp\/v2\/tribe_events"}],"about":[{"href":"https:\/\/orchester-kurzweil.de\/index.php?rest_route=\/wp\/v2\/types\/tribe_events"}],"author":[{"embeddable":true,"href":"https:\/\/orchester-kurzweil.de\/index.php?rest_route=\/wp\/v2\/users\/2"}],"replies":[{"embeddable":true,"href":"https:\/\/orchester-kurzweil.de\/index.php?rest_route=%2Fwp%2Fv2%2Fcomments&post=329"}],"version-history":[{"count":2,"href":"https:\/\/orchester-kurzweil.de\/index.php?rest_route=\/wp\/v2\/tribe_events\/329\/revisions"}],"predecessor-version":[{"id":331,"href":"https:\/\/orchester-kurzweil.de\/index.php?rest_route=\/wp\/v2\/tribe_events\/329\/revisions\/331"}],"wp:attachment":[{"href":"https:\/\/orchester-kurzweil.de\/index.php?rest_route=%2Fwp%2Fv2%2Fmedia&parent=329"}],"wp:term":[{"taxonomy":"post_tag","embeddable":true,"href":"https:\/\/orchester-kurzweil.de\/index.php?rest_route=%2Fwp%2Fv2%2Ftags&post=329"},{"taxonomy":"tribe_events_cat","embeddable":true,"href":"https:\/\/orchester-kurzweil.de\/index.php?rest_route=%2Fwp%2Fv2%2Ftribe_events_cat&post=329"}],"curies":[{"name":"wp","href":"https:\/\/api.w.org\/{rel}","templated":true}]}}

20 Jahre Orchester Kurzweil!!! Jubiläums-Open Air auf der Bromberg Alm bei Böbing!!!

<p>Genauere Angaben folgen in Kürze!!</p>
